{"id":797,"date":"2025-06-15T21:26:15","date_gmt":"2025-06-15T19:26:15","guid":{"rendered":"https:\/\/bibliotheque.ovh\/?page_id=797"},"modified":"2025-11-09T18:23:12","modified_gmt":"2025-11-09T17:23:12","slug":"atelier-briques","status":"publish","type":"page","link":"https:\/\/bibliotheque.ovh\/?page_id=797","title":{"rendered":"Atelier briques"},"content":{"rendered":"\t\t<div data-elementor-type=\"wp-page\" data-elementor-id=\"797\" class=\"elementor elementor-797\">\n\t\t\t\t<div class=\"elementor-element elementor-element-415f5978 e-flex e-con-boxed wpr-particle-no wpr-jarallax-no wpr-parallax-no wpr-sticky-section-no e-con e-parent\" data-id=\"415f5978\" data-element_type=\"container\">\n\t\t\t\t\t<div class=\"e-con-inner\">\n\t\t\t\t<div class=\"elementor-element elementor-element-34474cf6 elementor-widget elementor-widget-text-editor\" data-id=\"34474cf6\" data-element_type=\"widget\" data-widget_type=\"text-editor.default\">\n\t\t\t\t<div class=\"elementor-widget-container\">\n\t\t\t\t\t\t\t\t\t<p><!-- \/wp:paragraph --><!-- wp:paragraph --><\/p>\n<p><!-- \/wp:paragraph --><!-- wp:paragraph --><\/p>\n<p>L&rsquo;association lire et loisirs a accueillis au sein de ses locaux plusieurs ateliers briques les mercredis apr\u00e8s midi anim\u00e9 par G\u00e9rard.<\/p>\n<p><!-- \/wp:paragraph --><!-- wp:paragraph --><\/p>\n<p><!-- \/wp:paragraph --><!-- wp:gallery {\"linkTo\":\"none\"} --><\/p>\n<figure class=\"wp-block-gallery has-nested-images columns-default is-cropped\"><!-- wp:image {\"id\":813,\"sizeSlug\":\"large\",\"linkDestination\":\"none\"} -->\n<p>\u00a0<\/p>\n<figure class=\"wp-block-image size-large\"><img fetchpriority=\"high\" decoding=\"async\" width=\"768\" height=\"1024\" class=\"wp-image-813\" src=\"https:\/\/bibliotheque.ovh\/wp-content\/uploads\/2025\/06\/IMG_20250611_151031-768x1024.jpg\" alt=\"\" srcset=\"https:\/\/bibliotheque.ovh\/wp-content\/uploads\/2025\/06\/IMG_20250611_151031-768x1024.jpg 768w, https:\/\/bibliotheque.ovh\/wp-content\/uploads\/2025\/06\/IMG_20250611_151031-225x300.jpg 225w, https:\/\/bibliotheque.ovh\/wp-content\/uploads\/2025\/06\/IMG_20250611_151031-1152x1536.jpg 1152w, https:\/\/bibliotheque.ovh\/wp-content\/uploads\/2025\/06\/IMG_20250611_151031-1536x2048.jpg 1536w, https:\/\/bibliotheque.ovh\/wp-content\/uploads\/2025\/06\/IMG_20250611_151031-scaled.jpg 1920w\" sizes=\"(max-width: 768px) 100vw, 768px\" \/><\/figure>\n<p><!-- \/wp:image --><!-- wp:image {\"id\":812,\"sizeSlug\":\"large\",\"linkDestination\":\"none\"} --><\/p>\n<figure class=\"wp-block-image size-large\"><img decoding=\"async\" width=\"768\" height=\"1024\" class=\"wp-image-812\" src=\"https:\/\/bibliotheque.ovh\/wp-content\/uploads\/2025\/06\/IMG_20250611_151025-768x1024.jpg\" alt=\"\" srcset=\"https:\/\/bibliotheque.ovh\/wp-content\/uploads\/2025\/06\/IMG_20250611_151025-768x1024.jpg 768w, https:\/\/bibliotheque.ovh\/wp-content\/uploads\/2025\/06\/IMG_20250611_151025-225x300.jpg 225w, https:\/\/bibliotheque.ovh\/wp-content\/uploads\/2025\/06\/IMG_20250611_151025-1152x1536.jpg 1152w, https:\/\/bibliotheque.ovh\/wp-content\/uploads\/2025\/06\/IMG_20250611_151025-1536x2048.jpg 1536w, https:\/\/bibliotheque.ovh\/wp-content\/uploads\/2025\/06\/IMG_20250611_151025-scaled.jpg 1920w\" sizes=\"(max-width: 768px) 100vw, 768px\" \/><\/figure>\n<p><!-- \/wp:image --><!-- wp:image {\"id\":811,\"sizeSlug\":\"large\",\"linkDestination\":\"none\"} --><\/p>\n<figure class=\"wp-block-image size-large\"><img decoding=\"async\" width=\"768\" height=\"1024\" class=\"wp-image-811\" src=\"https:\/\/bibliotheque.ovh\/wp-content\/uploads\/2025\/06\/IMG_20250611_151022-768x1024.jpg\" alt=\"\" srcset=\"https:\/\/bibliotheque.ovh\/wp-content\/uploads\/2025\/06\/IMG_20250611_151022-768x1024.jpg 768w, https:\/\/bibliotheque.ovh\/wp-content\/uploads\/2025\/06\/IMG_20250611_151022-225x300.jpg 225w, https:\/\/bibliotheque.ovh\/wp-content\/uploads\/2025\/06\/IMG_20250611_151022-1152x1536.jpg 1152w, https:\/\/bibliotheque.ovh\/wp-content\/uploads\/2025\/06\/IMG_20250611_151022-1536x2048.jpg 1536w, https:\/\/bibliotheque.ovh\/wp-content\/uploads\/2025\/06\/IMG_20250611_151022-scaled.jpg 1920w\" sizes=\"(max-width: 768px) 100vw, 768px\" \/><\/figure>\n<p><!-- \/wp:image --><!-- wp:image {\"id\":810,\"sizeSlug\":\"large\",\"linkDestination\":\"none\"} --><\/p>\n<figure class=\"wp-block-image size-large\"><img loading=\"lazy\" decoding=\"async\" width=\"768\" height=\"1024\" class=\"wp-image-810\" src=\"https:\/\/bibliotheque.ovh\/wp-content\/uploads\/2025\/06\/IMG_20250611_142307-768x1024.jpg\" alt=\"\" srcset=\"https:\/\/bibliotheque.ovh\/wp-content\/uploads\/2025\/06\/IMG_20250611_142307-768x1024.jpg 768w, https:\/\/bibliotheque.ovh\/wp-content\/uploads\/2025\/06\/IMG_20250611_142307-225x300.jpg 225w, https:\/\/bibliotheque.ovh\/wp-content\/uploads\/2025\/06\/IMG_20250611_142307-1152x1536.jpg 1152w, https:\/\/bibliotheque.ovh\/wp-content\/uploads\/2025\/06\/IMG_20250611_142307-1536x2048.jpg 1536w, https:\/\/bibliotheque.ovh\/wp-content\/uploads\/2025\/06\/IMG_20250611_142307-scaled.jpg 1920w\" sizes=\"(max-width: 768px) 100vw, 768px\" \/><\/figure>\n<p><!-- \/wp:image --><!-- wp:image {\"id\":809,\"sizeSlug\":\"large\",\"linkDestination\":\"none\"} --><\/p>\n<figure class=\"wp-block-image size-large\"><img loading=\"lazy\" decoding=\"async\" width=\"768\" height=\"1024\" class=\"wp-image-809\" src=\"https:\/\/bibliotheque.ovh\/wp-content\/uploads\/2025\/06\/IMG_20250611_142302-768x1024.jpg\" alt=\"\" srcset=\"https:\/\/bibliotheque.ovh\/wp-content\/uploads\/2025\/06\/IMG_20250611_142302-768x1024.jpg 768w, https:\/\/bibliotheque.ovh\/wp-content\/uploads\/2025\/06\/IMG_20250611_142302-225x300.jpg 225w, https:\/\/bibliotheque.ovh\/wp-content\/uploads\/2025\/06\/IMG_20250611_142302-1152x1536.jpg 1152w, https:\/\/bibliotheque.ovh\/wp-content\/uploads\/2025\/06\/IMG_20250611_142302-1536x2048.jpg 1536w, https:\/\/bibliotheque.ovh\/wp-content\/uploads\/2025\/06\/IMG_20250611_142302-scaled.jpg 1920w\" sizes=\"(max-width: 768px) 100vw, 768px\" \/><\/figure>\n<p><!-- \/wp:image --><!-- wp:image {\"id\":808,\"sizeSlug\":\"large\",\"linkDestination\":\"none\"} --><\/p>\n<figure class=\"wp-block-image size-large\"><img loading=\"lazy\" decoding=\"async\" width=\"768\" height=\"1024\" class=\"wp-image-808\" src=\"https:\/\/bibliotheque.ovh\/wp-content\/uploads\/2025\/06\/IMG_20250611_142245-768x1024.jpg\" alt=\"\" srcset=\"https:\/\/bibliotheque.ovh\/wp-content\/uploads\/2025\/06\/IMG_20250611_142245-768x1024.jpg 768w, https:\/\/bibliotheque.ovh\/wp-content\/uploads\/2025\/06\/IMG_20250611_142245-225x300.jpg 225w, https:\/\/bibliotheque.ovh\/wp-content\/uploads\/2025\/06\/IMG_20250611_142245-1152x1536.jpg 1152w, https:\/\/bibliotheque.ovh\/wp-content\/uploads\/2025\/06\/IMG_20250611_142245-1536x2048.jpg 1536w, https:\/\/bibliotheque.ovh\/wp-content\/uploads\/2025\/06\/IMG_20250611_142245-scaled.jpg 1920w\" sizes=\"(max-width: 768px) 100vw, 768px\" \/><\/figure>\n<p><!-- \/wp:image --><!-- wp:image {\"id\":807,\"sizeSlug\":\"large\",\"linkDestination\":\"none\"} --><\/p>\n<figure class=\"wp-block-image size-large\"><img loading=\"lazy\" decoding=\"async\" width=\"768\" height=\"1024\" class=\"wp-image-807\" src=\"https:\/\/bibliotheque.ovh\/wp-content\/uploads\/2025\/06\/IMG_20250611_142223-768x1024.jpg\" alt=\"\" srcset=\"https:\/\/bibliotheque.ovh\/wp-content\/uploads\/2025\/06\/IMG_20250611_142223-768x1024.jpg 768w, https:\/\/bibliotheque.ovh\/wp-content\/uploads\/2025\/06\/IMG_20250611_142223-225x300.jpg 225w, https:\/\/bibliotheque.ovh\/wp-content\/uploads\/2025\/06\/IMG_20250611_142223-1152x1536.jpg 1152w, https:\/\/bibliotheque.ovh\/wp-content\/uploads\/2025\/06\/IMG_20250611_142223-1536x2048.jpg 1536w, https:\/\/bibliotheque.ovh\/wp-content\/uploads\/2025\/06\/IMG_20250611_142223-scaled.jpg 1920w\" sizes=\"(max-width: 768px) 100vw, 768px\" \/><\/figure>\n<p><!-- \/wp:image --><!-- wp:image {\"id\":806,\"sizeSlug\":\"large\",\"linkDestination\":\"none\"} --><\/p>\n<figure class=\"wp-block-image size-large\"><img loading=\"lazy\" decoding=\"async\" width=\"768\" height=\"1024\" class=\"wp-image-806\" src=\"https:\/\/bibliotheque.ovh\/wp-content\/uploads\/2025\/06\/IMG_20250604_143503-768x1024.jpg\" alt=\"\" srcset=\"https:\/\/bibliotheque.ovh\/wp-content\/uploads\/2025\/06\/IMG_20250604_143503-768x1024.jpg 768w, https:\/\/bibliotheque.ovh\/wp-content\/uploads\/2025\/06\/IMG_20250604_143503-225x300.jpg 225w, https:\/\/bibliotheque.ovh\/wp-content\/uploads\/2025\/06\/IMG_20250604_143503-1152x1536.jpg 1152w, https:\/\/bibliotheque.ovh\/wp-content\/uploads\/2025\/06\/IMG_20250604_143503-1536x2048.jpg 1536w, https:\/\/bibliotheque.ovh\/wp-content\/uploads\/2025\/06\/IMG_20250604_143503-scaled.jpg 1920w\" sizes=\"(max-width: 768px) 100vw, 768px\" \/><\/figure>\n<p><!-- \/wp:image --><!-- wp:image {\"id\":805,\"sizeSlug\":\"large\",\"linkDestination\":\"none\"} --><\/p>\n<figure class=\"wp-block-image size-large\"><img loading=\"lazy\" decoding=\"async\" width=\"768\" height=\"1024\" class=\"wp-image-805\" src=\"https:\/\/bibliotheque.ovh\/wp-content\/uploads\/2025\/06\/IMG_20250604_143443-768x1024.jpg\" alt=\"\" srcset=\"https:\/\/bibliotheque.ovh\/wp-content\/uploads\/2025\/06\/IMG_20250604_143443-768x1024.jpg 768w, https:\/\/bibliotheque.ovh\/wp-content\/uploads\/2025\/06\/IMG_20250604_143443-225x300.jpg 225w, https:\/\/bibliotheque.ovh\/wp-content\/uploads\/2025\/06\/IMG_20250604_143443-1152x1536.jpg 1152w, https:\/\/bibliotheque.ovh\/wp-content\/uploads\/2025\/06\/IMG_20250604_143443-1536x2048.jpg 1536w, https:\/\/bibliotheque.ovh\/wp-content\/uploads\/2025\/06\/IMG_20250604_143443-scaled.jpg 1920w\" sizes=\"(max-width: 768px) 100vw, 768px\" \/><\/figure>\n<p><!-- \/wp:image --><!-- wp:image {\"id\":804,\"sizeSlug\":\"large\",\"linkDestination\":\"none\"} --><\/p>\n<figure class=\"wp-block-image size-large\"><img loading=\"lazy\" decoding=\"async\" width=\"768\" height=\"1024\" class=\"wp-image-804\" src=\"https:\/\/bibliotheque.ovh\/wp-content\/uploads\/2025\/06\/IMG_20250514_151551-768x1024.jpg\" alt=\"\" srcset=\"https:\/\/bibliotheque.ovh\/wp-content\/uploads\/2025\/06\/IMG_20250514_151551-768x1024.jpg 768w, https:\/\/bibliotheque.ovh\/wp-content\/uploads\/2025\/06\/IMG_20250514_151551-225x300.jpg 225w, https:\/\/bibliotheque.ovh\/wp-content\/uploads\/2025\/06\/IMG_20250514_151551-1152x1536.jpg 1152w, https:\/\/bibliotheque.ovh\/wp-content\/uploads\/2025\/06\/IMG_20250514_151551-1536x2048.jpg 1536w, https:\/\/bibliotheque.ovh\/wp-content\/uploads\/2025\/06\/IMG_20250514_151551-scaled.jpg 1920w\" sizes=\"(max-width: 768px) 100vw, 768px\" \/><\/figure>\n<p><!-- \/wp:image --><!-- wp:image {\"id\":803,\"sizeSlug\":\"large\",\"linkDestination\":\"none\"} --><\/p>\n<figure class=\"wp-block-image size-large\"><img loading=\"lazy\" decoding=\"async\" width=\"768\" height=\"1024\" class=\"wp-image-803\" src=\"https:\/\/bibliotheque.ovh\/wp-content\/uploads\/2025\/06\/IMG_20250514_141048-768x1024.jpg\" alt=\"\" srcset=\"https:\/\/bibliotheque.ovh\/wp-content\/uploads\/2025\/06\/IMG_20250514_141048-768x1024.jpg 768w, https:\/\/bibliotheque.ovh\/wp-content\/uploads\/2025\/06\/IMG_20250514_141048-225x300.jpg 225w, https:\/\/bibliotheque.ovh\/wp-content\/uploads\/2025\/06\/IMG_20250514_141048-1152x1536.jpg 1152w, https:\/\/bibliotheque.ovh\/wp-content\/uploads\/2025\/06\/IMG_20250514_141048-1536x2048.jpg 1536w, https:\/\/bibliotheque.ovh\/wp-content\/uploads\/2025\/06\/IMG_20250514_141048-scaled.jpg 1920w\" sizes=\"(max-width: 768px) 100vw, 768px\" \/><\/figure>\n<p><!-- \/wp:image --><!-- wp:image {\"id\":802,\"sizeSlug\":\"large\",\"linkDestination\":\"none\"} --><\/p>\n<figure class=\"wp-block-image size-large\"><img loading=\"lazy\" decoding=\"async\" width=\"768\" height=\"1024\" class=\"wp-image-802\" src=\"https:\/\/bibliotheque.ovh\/wp-content\/uploads\/2025\/06\/IMG_20250507_145601-768x1024.jpg\" alt=\"\" srcset=\"https:\/\/bibliotheque.ovh\/wp-content\/uploads\/2025\/06\/IMG_20250507_145601-768x1024.jpg 768w, https:\/\/bibliotheque.ovh\/wp-content\/uploads\/2025\/06\/IMG_20250507_145601-225x300.jpg 225w, https:\/\/bibliotheque.ovh\/wp-content\/uploads\/2025\/06\/IMG_20250507_145601-1152x1536.jpg 1152w, https:\/\/bibliotheque.ovh\/wp-content\/uploads\/2025\/06\/IMG_20250507_145601-1536x2048.jpg 1536w, https:\/\/bibliotheque.ovh\/wp-content\/uploads\/2025\/06\/IMG_20250507_145601-scaled.jpg 1920w\" sizes=\"(max-width: 768px) 100vw, 768px\" \/><\/figure>\n<p><!-- \/wp:image --><!-- wp:image {\"id\":801,\"sizeSlug\":\"large\",\"linkDestination\":\"none\"} --><\/p>\n<figure class=\"wp-block-image size-large\"><img loading=\"lazy\" decoding=\"async\" width=\"768\" height=\"1024\" class=\"wp-image-801\" src=\"https:\/\/bibliotheque.ovh\/wp-content\/uploads\/2025\/06\/IMG_20250507_145554-768x1024.jpg\" alt=\"\" srcset=\"https:\/\/bibliotheque.ovh\/wp-content\/uploads\/2025\/06\/IMG_20250507_145554-768x1024.jpg 768w, https:\/\/bibliotheque.ovh\/wp-content\/uploads\/2025\/06\/IMG_20250507_145554-225x300.jpg 225w, https:\/\/bibliotheque.ovh\/wp-content\/uploads\/2025\/06\/IMG_20250507_145554-1152x1536.jpg 1152w, https:\/\/bibliotheque.ovh\/wp-content\/uploads\/2025\/06\/IMG_20250507_145554-1536x2048.jpg 1536w, https:\/\/bibliotheque.ovh\/wp-content\/uploads\/2025\/06\/IMG_20250507_145554-scaled.jpg 1920w\" sizes=\"(max-width: 768px) 100vw, 768px\" \/><\/figure>\n<p><!-- \/wp:image --><!-- wp:image {\"id\":800,\"sizeSlug\":\"large\",\"linkDestination\":\"none\"} --><\/p>\n<figure class=\"wp-block-image size-large\"><img loading=\"lazy\" decoding=\"async\" width=\"768\" height=\"1024\" class=\"wp-image-800\" src=\"https:\/\/bibliotheque.ovh\/wp-content\/uploads\/2025\/06\/IMG_20250507_144119-768x1024.jpg\" alt=\"\" srcset=\"https:\/\/bibliotheque.ovh\/wp-content\/uploads\/2025\/06\/IMG_20250507_144119-768x1024.jpg 768w, https:\/\/bibliotheque.ovh\/wp-content\/uploads\/2025\/06\/IMG_20250507_144119-225x300.jpg 225w, https:\/\/bibliotheque.ovh\/wp-content\/uploads\/2025\/06\/IMG_20250507_144119-1152x1536.jpg 1152w, https:\/\/bibliotheque.ovh\/wp-content\/uploads\/2025\/06\/IMG_20250507_144119-1536x2048.jpg 1536w, https:\/\/bibliotheque.ovh\/wp-content\/uploads\/2025\/06\/IMG_20250507_144119-scaled.jpg 1920w\" sizes=\"(max-width: 768px) 100vw, 768px\" \/><\/figure>\n<p><!-- \/wp:image --><!-- wp:image {\"id\":799,\"sizeSlug\":\"large\",\"linkDestination\":\"none\"} --><\/p>\n<figure class=\"wp-block-image size-large\"><img loading=\"lazy\" decoding=\"async\" width=\"768\" height=\"1024\" class=\"wp-image-799\" src=\"https:\/\/bibliotheque.ovh\/wp-content\/uploads\/2025\/06\/IMG_20250507_143726-768x1024.jpg\" alt=\"\" srcset=\"https:\/\/bibliotheque.ovh\/wp-content\/uploads\/2025\/06\/IMG_20250507_143726-768x1024.jpg 768w, https:\/\/bibliotheque.ovh\/wp-content\/uploads\/2025\/06\/IMG_20250507_143726-225x300.jpg 225w, https:\/\/bibliotheque.ovh\/wp-content\/uploads\/2025\/06\/IMG_20250507_143726-1152x1536.jpg 1152w, https:\/\/bibliotheque.ovh\/wp-content\/uploads\/2025\/06\/IMG_20250507_143726-1536x2048.jpg 1536w, https:\/\/bibliotheque.ovh\/wp-content\/uploads\/2025\/06\/IMG_20250507_143726-scaled.jpg 1920w\" sizes=\"(max-width: 768px) 100vw, 768px\" \/><\/figure>\n<p><!-- \/wp:image --><!-- wp:image {\"id\":798,\"sizeSlug\":\"large\",\"linkDestination\":\"none\"} --><\/p>\n<figure class=\"wp-block-image size-large\"><img loading=\"lazy\" decoding=\"async\" width=\"768\" height=\"1024\" class=\"wp-image-798\" src=\"https:\/\/bibliotheque.ovh\/wp-content\/uploads\/2025\/06\/IMG_20250507_142730-768x1024.jpg\" alt=\"\" srcset=\"https:\/\/bibliotheque.ovh\/wp-content\/uploads\/2025\/06\/IMG_20250507_142730-768x1024.jpg 768w, https:\/\/bibliotheque.ovh\/wp-content\/uploads\/2025\/06\/IMG_20250507_142730-225x300.jpg 225w, https:\/\/bibliotheque.ovh\/wp-content\/uploads\/2025\/06\/IMG_20250507_142730-1152x1536.jpg 1152w, https:\/\/bibliotheque.ovh\/wp-content\/uploads\/2025\/06\/IMG_20250507_142730-1536x2048.jpg 1536w, https:\/\/bibliotheque.ovh\/wp-content\/uploads\/2025\/06\/IMG_20250507_142730-scaled.jpg 1920w\" sizes=\"(max-width: 768px) 100vw, 768px\" \/><\/figure>\n<figure class=\"wp-block-image size-large\"><\/figure>\n<p><!-- \/wp:image --><\/p>\n<\/figure>\n<p><!-- \/wp:gallery --><\/p>\t\t\t\t\t\t\t\t<\/div>\n\t\t\t\t<\/div>\n\t\t\t\t\t<\/div>\n\t\t\t\t<\/div>\n\t\t<div class=\"elementor-element elementor-element-8fbfe44 e-flex e-con-boxed wpr-particle-no wpr-jarallax-no wpr-parallax-no wpr-sticky-section-no e-con e-parent\" data-id=\"8fbfe44\" data-element_type=\"container\">\n\t\t\t\t\t<div class=\"e-con-inner\">\n\t\t\t\t<div class=\"elementor-element elementor-element-1c34131 elementor-widget elementor-widget-image\" data-id=\"1c34131\" data-element_type=\"widget\" data-widget_type=\"image.default\">\n\t\t\t\t<div class=\"elementor-widget-container\">\n\t\t\t\t\t\t\t\t\t\t\t\t\t\t\t<img loading=\"lazy\" decoding=\"async\" width=\"800\" height=\"472\" src=\"https:\/\/bibliotheque.ovh\/wp-content\/uploads\/2025\/11\/lego_0001-1024x604.jpg\" class=\"attachment-large size-large wp-image-925\" alt=\"\" srcset=\"https:\/\/bibliotheque.ovh\/wp-content\/uploads\/2025\/11\/lego_0001-1024x604.jpg 1024w, https:\/\/bibliotheque.ovh\/wp-content\/uploads\/2025\/11\/lego_0001-300x177.jpg 300w, https:\/\/bibliotheque.ovh\/wp-content\/uploads\/2025\/11\/lego_0001-768x453.jpg 768w, https:\/\/bibliotheque.ovh\/wp-content\/uploads\/2025\/11\/lego_0001-1536x907.jpg 1536w, https:\/\/bibliotheque.ovh\/wp-content\/uploads\/2025\/11\/lego_0001-2048x1209.jpg 2048w\" sizes=\"(max-width: 800px) 100vw, 800px\" \/>\t\t\t\t\t\t\t\t\t\t\t\t\t\t\t<\/div>\n\t\t\t\t<\/div>\n\t\t\t\t\t<\/div>\n\t\t\t\t<\/div>\n\t\t\t\t<\/div>\n\t\t","protected":false},"excerpt":{"rendered":"<p>L&rsquo;association lire et loisirs a accueillis au sein de ses locaux plusieurs ateliers briques les mercredis apr\u00e8s midi anim\u00e9 par G\u00e9rard. \u00a0<\/p>\n","protected":false},"author":1,"featured_media":0,"parent":0,"menu_order":0,"comment_status":"closed","ping_status":"closed","template":"","meta":{"footnotes":""},"class_list":["post-797","page","type-page","status-publish","hentry"],"_links":{"self":[{"href":"https:\/\/bibliotheque.ovh\/index.php?rest_route=\/wp\/v2\/pages\/797","targetHints":{"allow":["GET"]}}],"collection":[{"href":"https:\/\/bibliotheque.ovh\/index.php?rest_route=\/wp\/v2\/pages"}],"about":[{"href":"https:\/\/bibliotheque.ovh\/index.php?rest_route=\/wp\/v2\/types\/page"}],"author":[{"embeddable":true,"href":"https:\/\/bibliotheque.ovh\/index.php?rest_route=\/wp\/v2\/users\/1"}],"replies":[{"embeddable":true,"href":"https:\/\/bibliotheque.ovh\/index.php?rest_route=%2Fwp%2Fv2%2Fcomments&post=797"}],"version-history":[{"count":4,"href":"https:\/\/bibliotheque.ovh\/index.php?rest_route=\/wp\/v2\/pages\/797\/revisions"}],"predecessor-version":[{"id":929,"href":"https:\/\/bibliotheque.ovh\/index.php?rest_route=\/wp\/v2\/pages\/797\/revisions\/929"}],"wp:attachment":[{"href":"https:\/\/bibliotheque.ovh\/index.php?rest_route=%2Fwp%2Fv2%2Fmedia&parent=797"}],"curies":[{"name":"wp","href":"https:\/\/api.w.org\/{rel}","templated":true}]}}